late v(u).
8
Let w(m) = -m**2 - m. Let j be (-2)/9 + 172/(-36) + -5. Let l be (21/9 - 2)/(j/90). Calculate w(l).
-6
Let t(p) = -2*p + 1. Let h(u) = -2*u + 1. Suppose -8 = 9*v - 13*v. Let c(y) = v*t(y) - 3*h(y). What is c(-7)?
-15
Let k(w) = -9*w**3 - 2*w**3 - 2*w**3 - w + w**2. Let n = -157 - -161. Suppose n*z - 2*t = 2, 3*z - 4*t + 3 - 2 = 0. What is k(z)?
-13
Let j(v) be the second derivative of v**3 - 2*v**2 + 1/12*v**4 + 3*v + 0. Let n = -11 - -4. Determine j(n).
3
Suppose -12 = -4*m - 0. Let f(d) = -d + m*d - 5 - 2. Let i = 377 + -371. Give f(i).
5
Let x(w) = w. Let f be 8*27/36 + -3. Give x(f).
3
Let l(b) = 2*b**2 + 5*b - 2. Suppose 0*d - 2*w = 2*d + 2, -4*d - 5*w = 1. Determine l(d).
10
Let u(m) = -m**2 + 21*m + 763. Let l be u(-19). Let z(i) be the first derivative of 4*i - 11 + 3/2*i**2 + 2/3*i**l - 1/4*i**4. Determine z(3).
4
Let b(f) = -f - 4. Let o be b(3). Let c(l) = -l + 1. Let g(q) = -q**2 - 2*q + 2. Let i(n) = -2*c(n) - g(n). Give i(o).
17
Let c(t) be the first derivative of -t**3/6 + 4*t**2 - 12*t - 17. Let w(f) be the first derivative of c(f). What is w(8)?
0
Let t(p) = 3*p - 1. Let j = -304 + 303. What is t(j)?
-4
Suppose -4*u = -33 - 3. Let i(r) = 0*r**2 + 3*r**3 + 7*r**3 - u*r**3 + 3*r**2 - r. Suppose 0*f + 3 = -f. What is i(f)?
3
Suppose -2*p = -37 - 71. Let f = -61 + p. Let x(o) = o**3 + 6*o**2 - 7*o + 4. What is x(f)?
4
Let w(b) = 4*b**2 + 3*b + 4. Let g(m) = -9*m**2 - 5*m - 7. Let n(d) = -4*g(d) - 7*w(d). Let s(k) = -2*k**2 - 15*k - 8. Let p be s(-7). Give n(p).
9
Suppose 2*h - 12 = -2*h. Let u(f) = -5*f**2 + 0 - 40*f + 49*f + 5 - f**h. Calculate u(-6).
-13
Let c(w) = 13*w + 1. Suppose -31 = 4*j + 5. Let d(n) = -n**3 - 8*n**2 + 7*n - 19. Let g be d(j). Calculate c(g).
-12
Let c(l) be the third derivative of -l**6/120 + 2*l**5/15 + 5*l**4/12 - 5*l**3/3 - 160*l**2. What is c(9)?
-1
Let d(a) = -4 + 2 - 3 - 3*a. Let c be -4 - 3/2*-2. Let z(g) = -4*g**2 + 4*g + 4. Let k be z(c). Give d(k).
7
Let r(y) = 235 - 460 - 3*y + 229. Let i(l) = -l**3 + l**2 + l - 4. Let v be i(0). Give r(v).
16
Let x(h) = h**2 + 2*h. Let d be x(0). Let f(l) be the third derivative of 0*l + 2*l**3 + 5*l**2 + 1/24*l**4 + d. Calculate f(0).
12
Let r(o) = -2*o**3 + 2*o**2 - o - 1. Let d = 23 + -21. Let t = 2 + -2. Let n be ((t + 1)*4)/d. Determine r(n).
-11
Let k = 143 + -147. Let v(i) = i - 5. Calculate v(k).
-9
Let l(r) be the first derivative of r**4/12 + 7*r**3/6 + 7*r**2/2 - 9*r + 2. Let j(n) be the first derivative of l(n). Calculate j(-6).
1
Let z = -7 + 7. Let l be (z/2)/((-8)/(-4)). Let r(f) = -7*f + 2 + 3*f - 3 + l*f**2 + f**2. Calculate r(5).
4
Let n be (1 - (-6)/(-8)) + 140/16. Let o(a) = -8*a + 4. Let h(u) = -7*u + 5. Let s(t) = 7*h(t) - 6*o(t). Calculate s(n).
2
Let c(z) = -z**2 - z. Let h(r) = -r**3 - 8*r**2 - 2*r - 10. Let p(m) = -c(m) + h(m). What is p(-7)?
-3
Let a(k) = k**2 + 19*k + 73. Let f be a(-15). Let c(z) = z**3 - 13*z**2 - z + 2. Calculate c(f).
-11
Let q(s) = -2 + 2*s + 4*s - 3*s. Suppose 5*p - 120 = -g, -3*g + 9*p = 4*p - 400. Let t = 132 - g. What is q(t)?
4
Let w(r) = -18*r - 7. Let q(a) = -23*a - 8. Let k(j) = -3*q(j) + 4*w(j). Suppose 5*y + 14 = 3*z, -4*y + 5*z = -6*y - 18. Give k(y).
8
Let s(t) = -1 - t**2 + 2*t**2 - 1. Suppose -22*d - 104 = -38. Determine s(d).
7
Let o(a) = 3*a - 17 - 5*a**2 - 2*a**3 + 0*a**2 + 15*a**3 - 2*a**2. Let n(u) = 7*u**3 - 4*u**2 + 2*u - 9. Let x(y) = -11*n(y) + 6*o(y). Give x(-3).
0
Let o(r) = r**2 - 6*r. Let d be o(6). Suppose d = 4*k + 31 - 3. Let n(z) = z**3 + 6*z**2 - 6*z + 8. What is n(k)?
1
Let q(z) = -17*z**2 - z + 1. Let f(j) be the second derivative of j**3/6 + j**2 + 22*j. Let w be f(-1). Calculate q(w).
-17
Let u(n) be the second derivative of n**5/20 - 5*n**4/12 + n**2/2 - 20*n - 2. Give u(5).
1
Let l(m) = -44 + 108 - 29 - 4*m. Let x be l(10). Let h(r) = r**2 + 7*r. What is h(x)?
-10
Let g(u) be the first derivative of -4*u - 3/2*u**2 - 1/20*u**5 - 1/6*u**3 - 1/4*u**4 - 6. Let n(b) be the first derivative of g(b). Determine n(-3).
0
Let j = 25 - -11. Suppose -4*m + 60 = j. Let q(c) = -c**2 + 6*c - 7. Determine q(m).
-7
Let i(u) = 4*u + 14. Let o be (-3 - (-17)/3)*(-36)/16. Calculate i(o).
-10
Let z be 14/4*(6/14 + 1). Let q(y) = -3*y - 3. Determine q(z).
-18
Let y(g) = 5*g**2 + 10*g - 4. Let r(z) = -6*z**2 - 11*z + 3. Let c(i) = 4*r(i) + 5*y(i). Suppose 49 = 38*h - 45*h. Give c(h).
-1
Let y(s) = -4*s + 2. Let g(w) = -58*w - 176. Let q be g(-3). Give y(q).
10
Suppose -24 = -f + o + 59, 0 = 4*f + 5*o - 359. Let i = 80 - f. Let t(s) = 3*s + 9. Calculate t(i).
-9
Let k(d) = 2*d**3 + 8*d**2 + 8*d + 5. Let j be k(-3). Suppose -3*x - 9 = 4*s, 5*x + 13 + 2 = s. Let h(t) = 2*t**2 + s*t**2 + t + t**3 + 2*t**3. Calculate h(j).
-2
Let k(b) = b**2 - 2 - b - 3*b**2 + 3. Let f be 7/(21/24) + (-6 - -3). Suppose 3*l + f*z - 17 = l, 4*l - 1 = z. Calculate k(l).
-2
Let f = -24 - -29. Let u(v) = f - v - 2 + 5 - 1. Determine u(9).
-2
Let r(z) = z + 20. Let w be r(-9). Suppose -1 = -4*f + w. Suppose 0*x - f*x = -5*h - 26, -3*h - x = 10. Let l(m) = m**3 + 5*m**2 + 5*m - 1. What is l(h)?
-5
Let q(o) = -o**3 - 5*o**2 + 5*o - 4. Let l = -3 - -5. Suppose 0 = l*y - 12 - 14. Suppose 4*i = -x - 4*x - 19, -2*i + x = y. Determine q(i).
2
Let k(t) be the third derivative of 7*t**4/24 - t**3/6 + 10*t**2. Give k(2).
13
Let q(z) = -z - 5. Let n(u) = u**2 + 12*u - 32. Let s be n(-14). What is q(s)?
-1
Let g(x) = 41*x**2 - 5*x - 7. Let z(k) = -21*k**2 + 2*k + 3. Let a(s) = 2*g(s) + 5*z(s). Calculate a(1).
-22
Let c = 1564 - 1567. Let k(h) = 4*h + 5. Determine k(c).
-7
Let m(o) be the third derivative of o**4/24 - 2*o**3/3 + 474*o**2. Give m(-9).
-13
Let p(b) = -9 - 4*b + 0*b - b**2 - 4*b. Suppose -110*v - 382 - 120 - 268 = 0. What is p(v)?
-2
Let k(r) = 71*r + 285. Let z be k(-4). Let f(g) = 25*g**3. Calculate f(z).
25
Let y(x) = -2*x - 5. Let j(f) = 2*f + 6. Let b(k) = 3*j(k) + 4*y(k). Calculate b(1).
-4
Let j(n) = 5*n**2 - 4*n - 1. Let g(f) = -14*f**2 + 13*f + 3. Let d(s) = -4*g(s) - 11*j(s). Determine d(5).
-16
Let p(z) = z**3 - 5*z**2 - 10*z + 9. Let a = -36 - -19. Let l = -567 + 590. Let i = a + l. What is p(i)?
-15
Suppose -2*x + 3 = -1. Suppose -i = -l - 7, -i + 5 = -2*l - x. Let y(b) = -4*b + 5*b**2 - 5*b**2 - 2 + b**2 - 2*b. What is y(i)?
5
Let n(d) = 3 + 77*d - 76*d - 2 + 4. Calculate n(13).
18
Let r(p) = 8*p - 35. Let f = 458 + -453. What is r(f)?
5
Let c(b) = b**2 - 4*b - 1. Suppose 0 = 20*v + 4 - 64. Give c(v).
-4
Let s(f) = -f**3 + 10*f**2 - f + 5. Let r(p) = -p + 18. Suppose 0*m - 14 = 2*m. Let a be r(m). Suppose -g + 21 = 2*o, 5*o - 3*o + 5*g = a. Calculate s(o).
-5
Let l = -61 - -56. Let s(b) = 5*b**3 - 3*b**2 + 10. Let j(i) = 0*i**2 + 3*i**2 - 5*i**2 + 5 + 2*i**3. Let q(w) = 7*j(w) - 3*s(w). Give q(l).
5
Let k(x) be the second derivative of x**7/2520 + 7*x**4/12 - 2*x. Let h(s) be the third derivative of k(s). Let i = -4 + 6. Calculate h(i).
4
Let k = 6 - 4. Let i(o) = 2*o - 5. Let f(j) = 9*j - 26. Suppose -2*d = -27 + 5. Let b(l) = d*i(l) - 2*f(l). Give b(k).
5
Let j = 1005 + -1009. Let f(n) = n**2 + 5*n - 6. Determine f(j).
-10
Let w(c) = 8*c - 3. Let m(u) = -23*u + 8. Let n(o) = 6*m(o) + 17*w(o). Let k = 1 - -4. Let y(a) = -a**3 + 6*a**2 - 6*a. Let z be y(k). Determine n(z).
7
Suppose 6 = -2*x + 5*x. Let g be x/(32/24 + 10/(-3)). Let b(d) = -6*d**2 + 2*d + 1. What is b(g)?
-7
Let i(s) be the second derivative of s**5/20 - 3*s**4/4 - 11*s**3/6 + 5*s**2 - 4*s - 14. Give i(10).
0
Suppose -2*f + 14 = 2*f - 2*a, 0 = -3*a - 9. Suppose -3*b = -f*b + 4. Let g(l) = l**2 - 4 - l**3 - 5*l**2 + 3. Give g(b).
-1
Let o(w) be the first derivative of w**2 - 3*w - 130. Determine o(4).
5
Let h(i) = -i**2 - 25*i + 31. Let s be h(-26). Let t(f) be the third derivative of 0 + 6*f**2 - 1/6*f**3 + 0*f + 1/30*f**s - 1/24*f**4. Determine t(-1).
2
Let s(d) = -d**2 + 7*d + 18. Let c = 1563 - 1554. Calculate s(c).
0
Let q be 2/(-3) + (-88)/(-24). Suppose q*w = 26 - 5. Let b(x) = -x**2 + 7*x + 7. Calculate b(w).
7
Let z(v) = v**3 - 5*v**2 + v - 1. Suppose 80 - 15 = 13*l. What is z(l)?
4
Let j(b) = -2*b - 3. Let o(q) = 2*q**2 - 5*q - 10. Let h(c) = 3*j(c) - o(c). What is h(-5)?
-44
Let i(f) = 2*f + 7. Let k be 9/12 - 188/16. What is i(k)?
-15
Let o(x) = x**2 + x - 9. Suppose -d + j + 0 = 1, -2*j + 10 = 0. What is o(d)?
11